04?
1564
What is the greatest common factor of 729164478 and 3?
3
What is the highest common factor of 5075634435 and 15?
15
Calculate the greatest common factor of 18169080 and 3864.
552
Calculate the greatest common factor of 139270 and 2999.
1
What is the highest common divisor of 31407 and 613491?
57
Calculate the greatest common divisor of 62 and 1062277.
31
What is the greatest common factor of 1673 and 290633?
7
Calculate the highest common divisor of 1569369 and 3531.
321
What is the greatest common divisor of 93728 and 25048?
808
Calculate the greatest common factor of 135 and 645507405.
45
Calculate the highest common factor of 15948 and 43668.
36
Calculate the greatest common factor of 47547 and 48051.
9
What is the greatest common factor of 11600 and 24849375?
725
What is the highest common factor of 1243 and 297846417?
1243
Calculate the highest common divisor of 28834700 and 25428.
652
What is the greatest common divisor of 31 and 709776930?
31
Calculate the greatest common divisor of 1400 and 291930100.
700
What is the highest common divisor of 144 and 84319731?
9
What is the greatest common divisor of 11205 and 21033?
27
What is the greatest common divisor of 194376 and 14588?
28
Calculate the greatest common divisor of 260781145 and 47.
47
What is the greatest common factor of 715 and 1563874?
13
Calculate the highest common factor of 69 and 129621.
3
What is the highest common divisor of 60363 and 149112?
171
Calculate the greatest common factor of 2800172 and 1700.
68
Calculate the highest common factor of 55759 and 345103.
1507
What is the highest common factor of 237021 and 58703?
47
Calculate the highest common divisor of 6396 and 93618416.
164
What is the greatest common factor of 254854 and 1471056?
3226
Calculate the highest common divisor of 528801853 and 73.
73
What is the greatest common divisor of 9036038 and 19602?
242
What is the highest common factor of 5633775 and 630?
315
What is the greatest common divisor of 141519 and 8368080?
6153
What is the greatest common factor of 5784934 and 166?
166
Calculate the highest common factor of 11 and 299051401.
11
What is the greatest common divisor of 6176179 and 25665?
59
What is the highest common factor of 4092410 and 7140?
1190
What is the highest common factor of 9747 and 891670?
361
What is the greatest common divisor of 915 and 28172301?
183
What is the highest common factor of 56 and 28654276?
28
Calculate the greatest common factor of 576 and 30334784.
64
Calculate the greatest common divisor of 1608310 and 770.
110
Calculate the highest common divisor of 4977533 and 209506.
1177
What is the highest common divisor of 5468276 and 2356?
2356
Calculate the greatest common factor of 6455463 and 438.
219
What is the highest common divisor of 32052290 and 10?
10
What is the highest common divisor of 50688 and 138?
6
What is the greatest common factor of 2656 and 56414104?
664
What is the greatest common factor of 472 and 35540056?
8
Calculate the greatest common divisor of 3437 and 10594307.
491
What is the highest common divisor of 78043 and 252?
7
What is the greatest common divisor of 2297986 and 4189?
71
Calculate the highest common divisor of 5756221 and 114.
19
Calculate the highest common factor of 26 and 4638226.
2
Calculate the greatest common divisor of 6586 and 161824606.
6586
What is the greatest common factor of 274571 and 420304?
109
What is the highest common factor of 3019 and 6433489?
3019
What is the highest common factor of 52 and 100446476?
52
Calculate the highest common factor of 7030387 and 184.
23
What is the greatest common divisor of 215217 and 15309?
81
Calculate the highest common divisor of 202072 and 6767.
67
What is the greatest common divisor of 1496644 and 279663?
1277
Calculate the highest common divisor of 30425 and 3125.
25
What is the highest common factor of 40312945 and 5?
5
What is the greatest common factor of 1021947129 and 323?
323
What is the highest common divisor of 44217 and 41888?
17
Calculate the highest common divisor of 4262784 and 160752.
816
What is the highest common divisor of 551 and 673834981?
551
What is the greatest common divisor of 107428 and 108181?
251
Calculate the highest common factor of 83486 and 386327.
19
What is the greatest common divisor of 5287 and 47498?
17
Calculate the greatest common divisor of 50591140 and 220.
20
What is the highest common divisor of 3712590 and 1386?
126
Calculate the greatest common divisor of 126098511 and 3234.
1617
What is the highest common divisor of 433125 and 49995?
495
Calculate the highest common divisor of 118 and 9525137.
59
Calculate the greatest common factor of 73370 and 343563.
319
Calculate the greatest common factor of 38376 and 991913.
533
Calculate the greatest common divisor of 182509432 and 252.
28
What is the greatest common factor of 9953541 and 2808?
117
What is the highest common factor of 16913365 and 105?
35
What is the greatest common factor of 115 and 46490383?
23
What is the greatest common factor of 1514752 and 5368?
488
Calculate the greatest common factor of 23679789 and 294.
147
What is the highest common divisor of 69658 and 15341?
29
Calculate the highest common divisor of 90 and 30528576.
18
Calculate the greatest common divisor of 32 and 145102.
2
What is the highest common factor of 3396 and 47900580?
3396
What is the greatest common factor of 11967 and 1212?
3
Calculate the highest common factor of 3970996 and 12052.
92
What is the highest common divisor of 972245 and 6347?
577
Calculate the greatest common factor of 52078882 and 2768.
346
Calculate the highest common divisor of 2644240 and 1520.
80
What is the greatest common divisor of 15602976 and 192?
96
What is the highest common factor of 270 and 500090?
10
What is the highest common divisor of 11374363 and 154?
77
Calculate the greatest common factor of 1739 and 181848969.
1739
Calculate the greatest common factor of 384 and 5834848.
32
Calculate the greatest common factor of 43727 and 148552.
599
What is the highest common divisor of 495074118 and 462?
462
What is the greatest common factor of 434786625 and 91?
91
Calculate the greatest common divisor of 12044 and 157674026.
6022
What is the greatest common factor of 475 and 1466975?
25
What is the greatest common divisor of 3082 and 22002130?
134
Calculate the highest common divisor of 1011075430 and 174.
58
What is the highest common factor of 1007 and 4181745739?
1007
Calculate the greatest common divisor of 68 and 308324.
4
What is the greatest common factor of 20325 and 509325?
75
What is the greatest common factor of 240005 and 62215?
115
Calculate the greatest common factor of 155774994 and 426.
426
Calculate the highest common factor of 24672240 and 144.
144
Calculate the highest common factor of 2184225 and 1425.
75
Calculate the highest common divisor of 6770329 and 122.
61
Calculate the greatest common divisor of 55960132 and 2516.
148
Calculate the highest common factor of 1633474586 and 3678.
1226
Calculate the greatest common divisor of 82647744 and 16320.
3264
Calculate the greatest common factor of 661225233 and 89.
89
Calculate the highest common factor of 74575 and 25175.
475
Calculate the highest common factor of 51508926 and 48.
6
What is the highest common factor of 22179 and 1362?
3
What is the highest common factor of 67142 and 10855382?
1138
Calculate the greatest common factor of 2663032 and 17712.
328
Calculate the highest common divisor of 25 and 22995400.
25
What is the greatest common divisor of 33919382 and 14?
14
Calculate the highest common divisor of 8614 and 710290.
146
Calculate the greatest common factor of 545 and 3279701.
109
What is the greatest common factor of 770 and 494186?
154
Calculate the highest common divisor of 5863744 and 96.
32
Calculate the highest common divisor of 80 and 1702256.
16
What is the greatest common factor of 2460 and 61648420?
820
What is the highest common divisor of 18778 and 1055461?
229
Calculate the highest common divisor of 1434837 and 1661244.
1389
What is the greatest common factor of 8300552 and 78?
26
What is the greatest common factor of 8021 and 405600?
13
What is the highest common divisor of 519954 and 587271?
57
What is the highest common di